*x is divided by 9?
5
Let h = -958206 - -958241. Calculate the remainder when -15*((-1)/1 + -4) is divided by h.
5
Suppose 2*c - 6350 = -5*m, 2*m - 2516 = -c + 5*c. Calculate the remainder when m is divided by 106.
102
Suppose 502 = 20*v - 138. Calculate the remainder when 1528 is divided by v.
24
Let m(z) = -z**3 + 8*z**2 + 3*z - 21. Let r be m(9). Let n = -11 - r. Let o = 53 + n. What is the remainder when o is divided by 30?
27
Suppose -7*u + 399 = 3*i - 11*u, 0 = 4*i - 3*u - 532. Let a = -111 + i. What is the remainder when 369 is divided by a?
17
Suppose -352*m + 28 = -348*m. What is the remainder when 612 is divided by m?
3
What is the remainder when (-4)/(-20) + 108855/225 is divided by 96?
4
Suppose 0 = -16*o + 1792 + 1293 - 1085. Calculate the remainder when o is divided by 35.
20
Suppose -3*a - 371 = 4*a. Let c = 55 + a. Let x = -67 - -68. Calculate the remainder when c is divided by x.
0
Let n(h) = 4 - 6 - 10*h + 2 + 3. Calculate the remainder when 1 - 4/6 - (-8022)/126 is divided by n(-1).
12
Let b = 838 + -803. What is the remainder when 5528 is divided by b?
33
Suppose 11*g = 43*g - 2400. Let i = 11 + 4. Let l = i - 2. What is the remainder when g is divided by l?
10
Let r = 7662 + -7650. Suppose 3 = -4*s - s - 2*i, i = -3*s - 2. Calculate the remainder when r is divided by s + (3 - 9)/(-2).
0
Suppose 2*y - 705 = -5*p - 3*y, -546 = -4*p + 5*y. Suppose 3*j - 3 = 4*j + 5*o, 2*o = 3*j - 25. What is the remainder when p is divided by j?
6
Let a = 11 - 5. Suppose 2*k + 284 = a*k. Calculate the remainder when k is divided by 592/44 + 4 - 30/(-55).
17
Suppose -1638*a + 1631*a + 385 = 0. What is the remainder when 102 is divided by a?
47
Let c = -1114 - -1921. Let o = 1083 - c. Calculate the remainder when o is divided by 20.
16
Let l be (-2 + 9/15)*2*-15. Let x = l - 34. Calculate the remainder when 23 is divided by x.
7
Suppose 4*c - 11 = -h + 26, 3*h + 3*c - 129 = 0. What is the remainder when 1206*39/156*8/6 is divided by h?
42
Suppose -87 = 9*a - 330. Suppose b - j - 125 = -17, -4*b - 2*j + 450 = 0. What is the remainder when b is divided by a?
3
Let o(l) = 3*l - 16. Let n(r) = -4*r + 17. Let p(x) = -4*n(x) - 5*o(x). Let k be (-4)/(24/(-27))*2. Calculate the remainder when 186 is divided by p(k).
18
Let o = 45 - 40. Let k(h) = 3*h + 14. Calculate the remainder when 140 is divided by k(o).
24
Let s = -25599 - -27706. Calculate the remainder when s is divided by 2104.
3
Let f = -31 - -33. Let s(t) = t**2 - t + 1. Suppose -x = 5*h - 10, 2*h - 4 = -0*h + 3*x. What is the remainder when s(f) is divided by h?
1
Let z = 132 + -92. Let o = z + -35. Suppose h + 4*l + 10 = 3*h, -o*l - 6 = -2*h. Calculate the remainder when 24 is divided by h.
11
Let p be 36/(24/6) + 0. Let f be ((-68)/(-3))/2*3. Suppose o + p = f. What is the remainder when 73 is divided by o?
23
Let t = 2686 + -1839. What is the remainder when t is divided by 17?
14
Let w(z) = -26*z - 300. What is the remainder when 5699 is divided by w(-13)?
37
Suppose x - 39 = -x - p, p = 5*x - 101. Let r(h) = -1. Let t(b) = -10*b + 20. Let z(w) = -8*r(w) - t(w). Calculate the remainder when z(13) is divided by x.
18
Let n be 672/40*-2*10/(-8). Suppose 3*u - 100 = -5*j, n = j + 3*u + 22. Calculate the remainder when 119 is divided by j.
19
Suppose -6*x = -36*x + 150. What is the remainder when 70 is divided by 48 - ((-7 - -8) + x)?
28
Let x(p) = -p**3 + 15*p**2 + p - 15. Let t be x(15). Suppose t = -2*o + 1 + 3. Suppose 0 = 4*w - 22 + o. Calculate the remainder when 8 is divided by w.
3
Let u(v) be the second derivative of -5*v**3/6 - 25*v**2 - v - 61. What is the remainder when u(-26) is divided by 14?
10
Let k(a) = -18*a + 13. Let o(m) = -m**3 + 18*m**2 - 17*m - 3. Let t be o(17). What is the remainder when k(t) is divided by 14?
11
Suppose -3*z + 13 = 3*t - 2*t, -5*z - 2*t = -23. Let s be (-117)/z + 0/2 + 1. What is the remainder when s/(-4) + ((-3)/2 - -1) is divided by 2?
1
Let j(b) = 23*b + 67. Let s be j(7). What is the remainder when s/(-18)*(-1 + (-21)/6) is divided by 17?
6
Let r be ((-80)/60)/(4/1662). Suppose 0 = -15*g + 6*g + 1233. Calculate the remainder when g is divided by 63/168 + r/(-16).
32
Let i(h) = 583*h + 2601. What is the remainder when i(-4) is divided by 34?
31
Suppose 3*h + 3*i - 159 = 0, -2*i - 3*i = 2*h - 97. Let d(r) = 54*r + 1. Let m be d(2). Let z = m - h. What is the remainder when z is divided by 18?
17
Let r(z) = -5*z + 73. Let s be r(15). Calculate the remainder when 37 is divided by 6*(-310)/(-60) - (s - -7).
11
Let z(a) = 2*a**2 + 74*a + 1125. What is the remainder when z(-30) is divided by 116?
9
Suppose -3*u = 3*h - 45, -5*h + 4*u = -25 - 5. Suppose -85 = -5*q - h. Calculate the remainder when 88 is divided by q.
13
Let d(f) = -f**3 + 10*f**2 - 4*f - 36. Let q be d(9). What is the remainder when (3 + 45/10)/(q/84) is divided by 19?
13
Suppose 5*s = -0*c - 4*c + 37, -3*s + 24 = 3*c. Suppose -6*p + 4*p + 36 = 4*z, c*z - 3*p = 18. Calculate the remainder when 8 is divided by z.
0
Let q = 15464 - 14611. Calculate the remainder when q is divided by 238.
139
Let u be (-10912)/(-99) + 4/(-18). Let y = u - 77. Calculate the remainder when y is divided by 0 + -3 + 22 + -1.
15
Suppose -31*b + 609 = -10*b. Calculate the remainder when b is divided by (-112)/(-11) - (-4)/(-22).
9
Suppose 974 - 4010 = 6*s. Let y = 529 + s. What is the remainder when 41 is divided by y?
18
Let g = 32 - 30. Suppose -3*o + 4*o + 25 = 5*t, g*o = 0. Suppose 0 = -6*r + t*r + 15. What is the remainder when 57 is divided by r?
12
Let t be 116/(-6)*(-7 - (-776)/(-16)). Suppose -2*j - 4*a = -416, 2*j + t = 7*j - a. What is the remainder when j is divided by 31?
28
Let r(y) = 3*y + 64. Let a be r(6). Suppose -3*u = -3*n - 2*u + 52, 0 = 3*n + 5*u - a. Calculate the remainder when 36 is divided by n.
17
Let q(i) = 5*i - 29. Let r(h) = 5*h - 30. Let g(z) = 2*q(z) - 3*r(z). Let t be (67 + -45)*1/(-2). Calculate the remainder when g(t) is divided by 45.
42
Suppose 0 = -11*x + 8*x - 12. Let z be (x - 1)/(-1) - 1. Suppose -j = -4*v - 0*v - z, -j + 5*v + 1 = 0. Calculate the remainder when 63 is divided by j.
15
Suppose 0 = -5*m + 4*a + 13, 8*m - a = 6*m + 4. Calculate the remainder when (2 - -48) + 2/2 is divided by (-110)/70 + m - (-134)/14.
6
Suppose -2*x + 3 = -3*u - 42, 2*u - 122 = -5*x. What is the remainder when x is divided by 6 + -11 - -6*3?
11
Let b = 5044 - 4602. What is the remainder when b is divided by 23?
5
Suppose 3*t = 5*o - 216 - 204, 0 = -2*o - 4*t + 168. What is the remainder when 191 is divided by o?
23
Let m(z) = z**3 - 12*z**2 + 13*z - 2. Let x be 1*(-2)/(-6)*33. What is the remainder when 108 is divided by m(x)?
8
Suppose -190*y - 72*y = -137329 - 122575. Let w = 120 + -37. Calculate the remainder when y is divided by w.
79
Calculate the remainder when (12270/9)/((-44)/(-3) - 14) is divided by 11.
10
Let v = 30612 - 30594. Calculate the remainder when 359 is divided by v.
17
Let c(r) = -30*r + 2816. Calculate the remainder when 450 is divided by c(92).
2
Suppose 280 = 55*k - 47*k. Suppose 2*h = -4*w + 470, 0*w = -4*w + 5*h + 505. What is the remainder when w is divided by k?
15
Let k(l) = -670*l - 7954. What is the remainder when 630 is divided by k(-12)?
28
Let x = -714 + 856. Suppose -4*j + 7 + 9 = 0. Suppose -3*i + 16 = -4*t + 132, -3*t - j*i + 87 = 0. Calculate the remainder when x is divided by t.
26
Suppose -3*l - 829 = -4*l + 4*d, -d + 2 = 0. What is the remainder when 253 is divided by -6 + (l/9 - 2)?
83
Suppose 13*x - h + 47 = 9*x, 2*x + 4*h + 28 = 0. Suppose -3*m - 74 = -m. Let j = x - m. Calculate the remainder when 72 is divided by j.
22
Calculate the remainder when 72 is divided by (8 - (-8)/(-2)) + 27/(-18)*-12.
6
Let c = -13850 + 14087. What is the remainder when 456 is divided by c?
219
Let c = 481 - 484. Calculate the remainder when 80 is divided by 4806/252 + c/42.
4
Suppose 4*r = 5*b + 84663, 2*b - 212 = -210. What is the remainder when r is divided by 10?
7
Suppose -25 = -4*f - 9. Suppose -f*z = -4*j + 120, 3*z - 8*z + 58 = 3*j. Suppose 0 = -4*t + 134 - j. Calculate the remainder when 133 is divided by t.
25
Suppose -1554*u - 387 = -2*g - 1555*u, 2*u + 372 = 2*g. Calculate the remainder when g is divided by 64.
63
Let u(t) = -3*t + 18. Let c be u(4).